 when 226 is divided by 58?
52
Calculate the remainder when 1178 is divided by 4.
2
Calculate the remainder when 70 is divided by 37.
33
What is the remainder when 16 is divided by 6?
4
Calculate the remainder when 1279 is divided by 23.
14
What is the remainder when 146 is divided by 46?
8
Calculate the remainder when 437 is divided by 49.
45
Calculate the remainder when 1599 is divided by 25.
24
Calculate the remainder when 401 is divided by 106.
83
What is the remainder when 61 is divided by 13?
9
Calculate the remainder when 865 is divided by 300.
265
Calculate the remainder when 138 is divided by 70.
68
Calculate the remainder when 6760 is divided by 147.
145
Calculate the remainder when 2137 is divided by 23.
21
What is the remainder when 7516 is divided by 57?
49
Calculate the remainder when 94 is divided by 21.
10
What is the remainder when 7214 is divided by 8?
6
What is the remainder when 2735 is divided by 7?
5
What is the remainder when 97 is divided by 34?
29
What is the remainder when 4075 is divided by 68?
63
What is the remainder when 24905 is divided by 6?
5
Calculate the remainder when 904 is divided by 300.
4
What is the remainder when 2781 is divided by 32?
29
Calculate the remainder when 9418 is divided by 27.
22
Calculate the remainder when 430 is divided by 36.
34
Calculate the remainder when 16 is divided by 6.
4
Calculate the remainder when 126 is divided by 21.
0
What is the remainder when 1299 is divided by 42?
39
What is the remainder when 5819 is divided by 26?
21
Calculate the remainder when 292 is divided by 86.
34
What is the remainder when 755 is divided by 20?
15
What is the remainder when 690 is divided by 120?
90
Calculate the remainder when 63 is divided by 23.
17
Calculate the remainder when 2820 is divided by 255.
15
What is the remainder when 41 is divided by 30?
11
What is the remainder when 3278 is divided by 204?
14
Calculate the remainder when 418 is divided by 23.
4
Calculate the remainder when 241 is divided by 22.
21
Calculate the remainder when 507 is divided by 112.
59
Calculate the remainder when 111 is divided by 69.
42
Calculate the remainder when 240 is divided by 108.
24
Calculate the remainder when 354 is divided by 76.
50
Calculate the remainder when 55 is divided by 28.
27
Calculate the remainder when 228 is divided by 46.
44
What is the remainder when 228 is divided by 77?
74
What is the remainder when 10410 is divided by 89?
86
Calculate the remainder when 702 is divided by 141.
138
What is the remainder when 257 is divided by 19?
10
Calculate the remainder when 1193 is divided by 42.
17
What is the remainder when 193 is divided by 52?
37
Calculate the remainder when 67 is divided by 31.
5
What is the remainder when 118 is divided by 60?
58
Calculate the remainder when 662 is divided by 35.
32
What is the remainder when 62321 is divided by 141?
140
What is the remainder when 1400 is divided by 88?
80
Calculate the remainder when 2452 is divided by 351.
346
Calculate the remainder when 189 is divided by 13.
7
What is the remainder when 605 is divided by 50?
5
What is the remainder when 124 is divided by 7?
5
Calculate the remainder when 515 is divided by 173.
169
What is the remainder when 394 is divided by 22?
20
What is the remainder when 3479 is divided by 15?
14
Calculate the remainder when 2748 is divided by 22.
20
Calculate the remainder when 18749 is divided by 17.
15
What is the remainder when 85 is divided by 32?
21
What is the remainder when 188 is divided by 17?
1
What is the remainder when 3799 is divided by 180?
19
Calculate the remainder when 365 is divided by 16.
13
What is the remainder when 275 is divided by 227?
48
Calculate the remainder when 479 is divided by 16.
15
What is the remainder when 222 is divided by 56?
54
What is the remainder when 172 is divided by 60?
52
What is the remainder when 89 is divided by 18?
17
What is the remainder when 139 is divided by 3?
1
Calculate the remainder when 697 is divided by 51.
34
What is the remainder when 188 is divided by 48?
44
Calculate the remainder when 612 is divided by 182.
66
What is the remainder when 994 is divided by 83?
81
What is the remainder when 436 is divided by 238?
198
What is the remainder when 1220 is divided by 174?
2
What is the remainder when 81 is divided by 8?
1
Calculate the remainder when 398 is divided by 40.
38
What is the remainder when 99 is divided by 24?
3
What is the remainder when 149 is divided by 10?
9
Calculate the remainder when 139 is divided by 14.
13
Calculate the remainder when 18 is divided by 15.
3
What is the remainder when 200 is divided by 41?
36
What is the remainder when 708 is divided by 236?
0
What is the remainder when 956 is divided by 6?
2
Calculate the remainder when 38288 is divided by 149.
144
What is the remainder when 30 is divided by 14?
2
What is the remainder when 364 is divided by 87?
16
What is the remainder when 1627 is divided by 37?
36
Calculate the remainder when 18 is divided by 5.
3
What is the remainder when 704 is divided by 233?
5
Calculate the remainder when 596 is divided by 227.
142
What is the remainder when 4900 is divided by 114?
112
Calculate the remainder when 406 is divided by 47.
30
Calculate the remainder when 2848 is divided by 10.
8
What is the remainder when 131 is divided by 4?
3
What is the remainder when 152 is divided by 50?
2
What is the remainder when 443 is divided by 24?
11
Calculate the remainder when 477 is divided by 48.
45
What is the remainder when 2205 is divided by 253?
181
What is the remainder when 161 is divided by 41?
38
What is the remainder when 257 is divided by 129?
128
Calculate the remainder when 659 is divided by 129.
14
Calculate the remainder when 3278 is divided by 41.
39
Calculate the remainder when 214 is divided by 96.
22
What is the remainder when 2023 is divided by 286?
21
What is the remainder when 261 is divided by 16?
5
What is the remainder when 243 is divided by 66?
45
Calculate the remainder when 18648 is divided by 10.
8
What is the remainder when 6850 is divided by 46?
42
Calculate the remainder when 237 is divided by 4.
1
What is the remainder when 681 is divided by 136?
1
What is the remainder when 32 is divided by 18?
14
Calculate the remainder when 99 is divided by 5.
4
What is the remainder when 998 is divided by 105?
53
What is the remainder when 15937 is divided by 69?
67
What is the remainder when 18 is divided by 2?
0
Calculate the remainder when 213 is divided by 31.
27
Calculate the remainder when 407 is divided by 12.
11
Calculate the remainder when 8376 is divided by 8367.
9
What is the remainder when 73 is divided by 50?
23
Calculate the remainder when 3750 is divided by 179.
170
Calculate the remainder when 13415 is divided by 26.
25
What is the remainder when 570 is divided by 98?
80
What is the remainder when 159 is divided by 85?
74
Calculate the remainder when 1981 is divided by 328.
13
What is the remainder when 393 is divided by 99?
96
What is the remainder when 2518 is divided by 21?
19
Calculate the remainder when 201 is divided by 15.
6
What is the remainder when 3323 is divided by 37?
30
What is the remainder when 21 is divided by 13?
8
Calculate the remainder when 857 is divided by 282.
11
What is the remainder when 392 is divided by 97?
4
Calculate the remainder when 612 is divided by 162.
126
What is the remainder when 833 is divided by 114?
35
What is the remainder when 563 is divided by 144?
131
Calculate the remainder when 801 is divided by 54.
45
Calculate the remainder when 623 is divided by 90.
83
Calculate the remainder when 159 is divided by 83.
76
Calculate the remainder when 340 is divided by 58.
50
Calculate the remainder when 29 is divided by 28.
1
What is the remainder when 1368 is divided by 342?
0
What is the remainder when 618 is divided by 69?
66
What is the remainder when 1145 is divided by 41?
38
What is the remainder when 14938 is divided by 60?
58
What is the remainder when 258 is divided by 117?
24
What is the remainder when 263 is divided by 78?
29
What is the remainder when 291 is divided by 37?
32
What is the remainder when 6072 is divided by 45?
42
What is the remainder when 178 is divided by 60?
58
What is the remainder when 174 is divide